{"id":21360,"date":"2026-01-12T10:22:08","date_gmt":"2026-01-12T09:22:08","guid":{"rendered":"https:\/\/www.leterredeisavoia.it\/comune\/caramagna-piedmont\/"},"modified":"2026-01-12T10:22:08","modified_gmt":"2026-01-12T09:22:08","slug":"caramagna-piedmont","status":"publish","type":"comune","link":"https:\/\/www.leterredeisavoia.it\/fr\/comune\/caramagna-piedmont\/","title":{"rendered":"Caramagna Piedmont"},"content":{"rendered":"\n<p>Situ\u00e9e dans la plaine qui unit les provinces de Cuneo et de Turin, Caramagna Piemonte se distingue par de pr\u00e9cieuses particularit\u00e9s telles que le bois de Merlino, la confr\u00e9rie de Santa Croce et le centre historique au trac\u00e9 m\u00e9di\u00e9val. Des \u00e9l\u00e9ments artistiques et naturels vari\u00e9s, en somme, qui se m\u00ealent \u00e0 la saveur inimitable de l&rsquo;excellence locale typique. <\/p>\n\n<p><\/p>\n","protected":false},"excerpt":{"rendered":"<p>Situ\u00e9e dans la plaine qui unit les provinces de Cuneo et de Turin, Caramagna Piemonte se distingue par de pr\u00e9cieuses particularit\u00e9s telles que le bois de Merlino, la confr\u00e9rie de Santa Croce et le centre historique au trac\u00e9 m\u00e9di\u00e9val. Des \u00e9l\u00e9ments artistiques et naturels vari\u00e9s, en somme, qui se m\u00ealent \u00e0 la saveur inimitable de l&rsquo;excellence locale typique. <\/p>\n","protected":false},"featured_media":18975,"template":"","class_list":["post-21360","comune","type-comune","status-publish","has-post-thumbnail","hentry"],"yoast_head":"<!-- This site is optimized with the Yoast SEO plugin v27.5 - https:\/\/yoast.com\/product\/yoast-seo-wordpress\/ -->\n<title>Caramagna Piedmont - Le Terre dei Savoia<\/title>\n<meta name=\"description\" content=\"Dans la plaine qui relie les provinces de Cuneo et de Turin, la Caramagna Piemonte se distingue par quelques particularit\u00e9s telles que le Bosco del Merlino...\" \/>\n<meta name=\"robots\" content=\"index, follow, max-snippet:-1, max-image-preview:large, max-video-preview:-1\" \/>\n<link rel=\"canonical\" href=\"https:\/\/www.leterredeisavoia.it\/fr\/comune\/caramagna-piedmont\/\" \/>\n<meta property=\"og:locale\" content=\"fr_FR\" \/>\n<meta property=\"og:type\" content=\"article\" \/>\n<meta property=\"og:title\" content=\"Caramagna Piedmont - Le Terre dei Savoia\" \/>\n<meta property=\"og:description\" content=\"Dans la plaine qui relie les provinces de Cuneo et de Turin, la Caramagna Piemonte se distingue par quelques particularit\u00e9s telles que le Bosco del Merlino...\" \/>\n<meta property=\"og:url\" content=\"https:\/\/www.leterredeisavoia.it\/fr\/comune\/caramagna-piedmont\/\" \/>\n<meta property=\"og:site_name\" content=\"Le Terre dei Savoia\" \/>\n<meta property=\"og:image\" content=\"https:\/\/www.leterredeisavoia.it\/wp-content\/uploads\/2025\/04\/Caramagna-1.webp\" \/>\n\t<meta property=\"og:image:width\" content=\"800\" \/>\n\t<meta property=\"og:image:height\" content=\"1199\" \/>\n\t<meta property=\"og:image:type\" content=\"image\/webp\" \/>\n<meta name=\"twitter:card\" content=\"summary_large_image\" \/>\n<script type=\"application\/ld+json\" class=\"yoast-schema-graph\">{\"@context\":\"https:\\\/\\\/schema.org\",\"@graph\":[{\"@type\":\"WebPage\",\"@id\":\"https:\\\/\\\/www.leterredeisavoia.it\\\/fr\\\/comune\\\/caramagna-piedmont\\\/\",\"url\":\"https:\\\/\\\/www.leterredeisavoia.it\\\/fr\\\/comune\\\/caramagna-piedmont\\\/\",\"name\":\"Caramagna Piedmont - Le Terre dei Savoia\",\"isPartOf\":{\"@id\":\"https:\\\/\\\/www.leterredeisavoia.it\\\/fr\\\/#website\"},\"primaryImageOfPage\":{\"@id\":\"https:\\\/\\\/www.leterredeisavoia.it\\\/fr\\\/comune\\\/caramagna-piedmont\\\/#primaryimage\"},\"image\":{\"@id\":\"https:\\\/\\\/www.leterredeisavoia.it\\\/fr\\\/comune\\\/caramagna-piedmont\\\/#primaryimage\"},\"thumbnailUrl\":\"https:\\\/\\\/www.leterredeisavoia.it\\\/wp-content\\\/uploads\\\/2025\\\/04\\\/Caramagna-1.webp\",\"datePublished\":\"2026-01-12T09:22:08+00:00\",\"description\":\"Dans la plaine qui relie les provinces de Cuneo et de Turin, la Caramagna Piemonte se distingue par quelques particularit\u00e9s telles que le Bosco del Merlino...\",\"breadcrumb\":{\"@id\":\"https:\\\/\\\/www.leterredeisavoia.it\\\/fr\\\/comune\\\/caramagna-piedmont\\\/#breadcrumb\"},\"inLanguage\":\"fr-FR\",\"potentialAction\":[{\"@type\":\"ReadAction\",\"target\":[\"https:\\\/\\\/www.leterredeisavoia.it\\\/fr\\\/comune\\\/caramagna-piedmont\\\/\"]}]},{\"@type\":\"ImageObject\",\"inLanguage\":\"fr-FR\",\"@id\":\"https:\\\/\\\/www.leterredeisavoia.it\\\/fr\\\/comune\\\/caramagna-piedmont\\\/#primaryimage\",\"url\":\"https:\\\/\\\/www.leterredeisavoia.it\\\/wp-content\\\/uploads\\\/2025\\\/04\\\/Caramagna-1.webp\",\"contentUrl\":\"https:\\\/\\\/www.leterredeisavoia.it\\\/wp-content\\\/uploads\\\/2025\\\/04\\\/Caramagna-1.webp\",\"width\":800,\"height\":1199},{\"@type\":\"BreadcrumbList\",\"@id\":\"https:\\\/\\\/www.leterredeisavoia.it\\\/fr\\\/comune\\\/caramagna-piedmont\\\/#breadcrumb\",\"itemListElement\":[{\"@type\":\"ListItem\",\"position\":1,\"name\":\"Home\",\"item\":\"https:\\\/\\\/www.leterredeisavoia.it\\\/fr\\\/\"},{\"@type\":\"ListItem\",\"position\":2,\"name\":\"Caramagna Piedmont\"}]},{\"@type\":\"WebSite\",\"@id\":\"https:\\\/\\\/www.leterredeisavoia.it\\\/fr\\\/#website\",\"url\":\"https:\\\/\\\/www.leterredeisavoia.it\\\/fr\\\/\",\"name\":\"Le Terre dei Savoia\",\"description\":\"\",\"potentialAction\":[{\"@type\":\"SearchAction\",\"target\":{\"@type\":\"EntryPoint\",\"urlTemplate\":\"https:\\\/\\\/www.leterredeisavoia.it\\\/fr\\\/?s={search_term_string}\"},\"query-input\":{\"@type\":\"PropertyValueSpecification\",\"valueRequired\":true,\"valueName\":\"search_term_string\"}}],\"inLanguage\":\"fr-FR\"}]}<\/script>\n<!-- \/ Yoast SEO plugin. -->","yoast_head_json":{"title":"Caramagna Piedmont - Le Terre dei Savoia","description":"Dans la plaine qui relie les provinces de Cuneo et de Turin, la Caramagna Piemonte se distingue par quelques particularit\u00e9s telles que le Bosco del Merlino...","robots":{"index":"index","follow":"follow","max-snippet":"max-snippet:-1","max-image-preview":"max-image-preview:large","max-video-preview":"max-video-preview:-1"},"canonical":"https:\/\/www.leterredeisavoia.it\/fr\/comune\/caramagna-piedmont\/","og_locale":"fr_FR","og_type":"article","og_title":"Caramagna Piedmont - Le Terre dei Savoia","og_description":"Dans la plaine qui relie les provinces de Cuneo et de Turin, la Caramagna Piemonte se distingue par quelques particularit\u00e9s telles que le Bosco del Merlino...","og_url":"https:\/\/www.leterredeisavoia.it\/fr\/comune\/caramagna-piedmont\/","og_site_name":"Le Terre dei Savoia","og_image":[{"width":800,"height":1199,"url":"https:\/\/www.leterredeisavoia.it\/wp-content\/uploads\/2025\/04\/Caramagna-1.webp","type":"image\/webp"}],"twitter_card":"summary_large_image","schema":{"@context":"https:\/\/schema.org","@graph":[{"@type":"WebPage","@id":"https:\/\/www.leterredeisavoia.it\/fr\/comune\/caramagna-piedmont\/","url":"https:\/\/www.leterredeisavoia.it\/fr\/comune\/caramagna-piedmont\/","name":"Caramagna Piedmont - Le Terre dei Savoia","isPartOf":{"@id":"https:\/\/www.leterredeisavoia.it\/fr\/#website"},"primaryImageOfPage":{"@id":"https:\/\/www.leterredeisavoia.it\/fr\/comune\/caramagna-piedmont\/#primaryimage"},"image":{"@id":"https:\/\/www.leterredeisavoia.it\/fr\/comune\/caramagna-piedmont\/#primaryimage"},"thumbnailUrl":"https:\/\/www.leterredeisavoia.it\/wp-content\/uploads\/2025\/04\/Caramagna-1.webp","datePublished":"2026-01-12T09:22:08+00:00","description":"Dans la plaine qui relie les provinces de Cuneo et de Turin, la Caramagna Piemonte se distingue par quelques particularit\u00e9s telles que le Bosco del Merlino...","breadcrumb":{"@id":"https:\/\/www.leterredeisavoia.it\/fr\/comune\/caramagna-piedmont\/#breadcrumb"},"inLanguage":"fr-FR","potentialAction":[{"@type":"ReadAction","target":["https:\/\/www.leterredeisavoia.it\/fr\/comune\/caramagna-piedmont\/"]}]},{"@type":"ImageObject","inLanguage":"fr-FR","@id":"https:\/\/www.leterredeisavoia.it\/fr\/comune\/caramagna-piedmont\/#primaryimage","url":"https:\/\/www.leterredeisavoia.it\/wp-content\/uploads\/2025\/04\/Caramagna-1.webp","contentUrl":"https:\/\/www.leterredeisavoia.it\/wp-content\/uploads\/2025\/04\/Caramagna-1.webp","width":800,"height":1199},{"@type":"BreadcrumbList","@id":"https:\/\/www.leterredeisavoia.it\/fr\/comune\/caramagna-piedmont\/#breadcrumb","itemListElement":[{"@type":"ListItem","position":1,"name":"Home","item":"https:\/\/www.leterredeisavoia.it\/fr\/"},{"@type":"ListItem","position":2,"name":"Caramagna Piedmont"}]},{"@type":"WebSite","@id":"https:\/\/www.leterredeisavoia.it\/fr\/#website","url":"https:\/\/www.leterredeisavoia.it\/fr\/","name":"Le Terre dei Savoia","description":"","potentialAction":[{"@type":"SearchAction","target":{"@type":"EntryPoint","urlTemplate":"https:\/\/www.leterredeisavoia.it\/fr\/?s={search_term_string}"},"query-input":{"@type":"PropertyValueSpecification","valueRequired":true,"valueName":"search_term_string"}}],"inLanguage":"fr-FR"}]}},"_links":{"self":[{"href":"https:\/\/www.leterredeisavoia.it\/fr\/wp-json\/wp\/v2\/comune\/21360","targetHints":{"allow":["GET"]}}],"collection":[{"href":"https:\/\/www.leterredeisavoia.it\/fr\/wp-json\/wp\/v2\/comune"}],"about":[{"href":"https:\/\/www.leterredeisavoia.it\/fr\/wp-json\/wp\/v2\/types\/comune"}],"version-history":[{"count":1,"href":"https:\/\/www.leterredeisavoia.it\/fr\/wp-json\/wp\/v2\/comune\/21360\/revisions"}],"predecessor-version":[{"id":21361,"href":"https:\/\/www.leterredeisavoia.it\/fr\/wp-json\/wp\/v2\/comune\/21360\/revisions\/21361"}],"wp:featuredmedia":[{"embeddable":true,"href":"https:\/\/www.leterredeisavoia.it\/fr\/wp-json\/wp\/v2\/media\/18975"}],"wp:attachment":[{"href":"https:\/\/www.leterredeisavoia.it\/fr\/wp-json\/wp\/v2\/media?parent=21360"}],"curies":[{"name":"wp","href":"https:\/\/api.w.org\/{rel}","templated":true}]}}

<p>Située dans la plaine qui unit les provinces de Cuneo et de Turin, Caramagna Piemonte se distingue par de précieuses particularités telles que le bois de Merlino, la confrérie de Santa Croce et le centre historique au tracé médiéval. Des éléments artistiques et naturels variés, en somme, qui se mêlent à la saveur inimitable de l&rsquo;excellence locale typique. </p>

<p></p>

<p>Située dans la plaine qui unit les provinces de Cuneo et de Turin, Caramagna Piemonte se distingue par de précieuses particularités telles que le bois de Merlino, la confrérie de Santa Croce et le centre historique au tracé médiéval. Des éléments artistiques et naturels variés, en somme, qui se mêlent à la saveur inimitable de l&rsquo;excellence locale typique. </p>

<!-- This site is optimized with the Yoast SEO plugin v27.5 - https://yoast.com/product/yoast-seo-wordpress/ -->
<title>Caramagna Piedmont - Le Terre dei Savoia</title>
<meta name="description" content="Dans la plaine qui relie les provinces de Cuneo et de Turin, la Caramagna Piemonte se distingue par quelques particularités telles que le Bosco del Merlino..." />
<meta name="robots" content="index, follow, max-snippet:-1, max-image-preview:large, max-video-preview:-1" />
<link rel="canonical" href="https://www.leterredeisavoia.it/fr/comune/caramagna-piedmont/" />
<meta property="og:locale" content="fr_FR" />
<meta property="og:type" content="article" />
<meta property="og:title" content="Caramagna Piedmont - Le Terre dei Savoia" />
<meta property="og:description" content="Dans la plaine qui relie les provinces de Cuneo et de Turin, la Caramagna Piemonte se distingue par quelques particularités telles que le Bosco del Merlino..." />
<meta property="og:url" content="https://www.leterredeisavoia.it/fr/comune/caramagna-piedmont/" />
<meta property="og:site_name" content="Le Terre dei Savoia" />
<meta property="og:image" content="https://www.leterredeisavoia.it/wp-content/uploads/2025/04/Caramagna-1.webp" />
	<meta property="og:image:width" content="800" />
	<meta property="og:image:height" content="1199" />
	<meta property="og:image:type" content="image/webp" />
<meta name="twitter:card" content="summary_large_image" />
<script type="application/ld+json" class="yoast-schema-graph">{"@context":"https:\/\/schema.org","@graph":[{"@type":"WebPage","@id":"https:\/\/www.leterredeisavoia.it\/fr\/comune\/caramagna-piedmont\/","url":"https:\/\/www.leterredeisavoia.it\/fr\/comune\/caramagna-piedmont\/","name":"Caramagna Piedmont - Le Terre dei Savoia","isPartOf":{"@id":"https:\/\/www.leterredeisavoia.it\/fr\/#website"},"primaryImageOfPage":{"@id":"https:\/\/www.leterredeisavoia.it\/fr\/comune\/caramagna-piedmont\/#primaryimage"},"image":{"@id":"https:\/\/www.leterredeisavoia.it\/fr\/comune\/caramagna-piedmont\/#primaryimage"},"thumbnailUrl":"https:\/\/www.leterredeisavoia.it\/wp-content\/uploads\/2025\/04\/Caramagna-1.webp","datePublished":"2026-01-12T09:22:08+00:00","description":"Dans la plaine qui relie les provinces de Cuneo et de Turin, la Caramagna Piemonte se distingue par quelques particularités telles que le Bosco del Merlino...","breadcrumb":{"@id":"https:\/\/www.leterredeisavoia.it\/fr\/comune\/caramagna-piedmont\/#breadcrumb"},"inLanguage":"fr-FR","potentialAction":[{"@type":"ReadAction","target":["https:\/\/www.leterredeisavoia.it\/fr\/comune\/caramagna-piedmont\/"]}]},{"@type":"ImageObject","inLanguage":"fr-FR","@id":"https:\/\/www.leterredeisavoia.it\/fr\/comune\/caramagna-piedmont\/#primaryimage","url":"https:\/\/www.leterredeisavoia.it\/wp-content\/uploads\/2025\/04\/Caramagna-1.webp","contentUrl":"https:\/\/www.leterredeisavoia.it\/wp-content\/uploads\/2025\/04\/Caramagna-1.webp","width":800,"height":1199},{"@type":"BreadcrumbList","@id":"https:\/\/www.leterredeisavoia.it\/fr\/comune\/caramagna-piedmont\/#breadcrumb","itemListElement":[{"@type":"ListItem","position":1,"name":"Home","item":"https:\/\/www.leterredeisavoia.it\/fr\/"},{"@type":"ListItem","position":2,"name":"Caramagna Piedmont"}]},{"@type":"WebSite","@id":"https:\/\/www.leterredeisavoia.it\/fr\/#website","url":"https:\/\/www.leterredeisavoia.it\/fr\/","name":"Le Terre dei Savoia","description":"","potentialAction":[{"@type":"SearchAction","target":{"@type":"EntryPoint","urlTemplate":"https:\/\/www.leterredeisavoia.it\/fr\/?s={search_term_string}"},"query-input":{"@type":"PropertyValueSpecification","valueRequired":true,"valueName":"search_term_string"}}],"inLanguage":"fr-FR"}]}</script>
<!-- / Yoast SEO plugin. -->

Dans la plaine qui relie les provinces de Cuneo et de Turin, la Caramagna Piemonte se distingue par quelques particularités telles que le Bosco del Merlino...
